e number?
True
Is 935381 a composite number?
False
Is 85465 a prime number?
False
Is 19263 a composite number?
True
Is 27143 prime?
True
Is 2811 prime?
False
Is 19417 composite?
False
Is 907 composite?
False
Is 3809 a prime number?
False
Is 30341 a prime number?
True
Is 54987 prime?
False
Is 33047 prime?
False
Is 38593 prime?
True
Is 122887 a prime number?
True
Is 46021 a composite number?
False
Is 675029 composite?
False
Is 24319 a prime number?
False
Is 33095 prime?
False
Is 219547 prime?
True
Is 19733 a prime number?
False
Is 3515165 prime?
False
Is 351569 a composite number?
True
Is 22897 prime?
False
Is 37619 a composite number?
False
Is 152357 a prime number?
False
Is 97939 composite?
True
Is 642269 composite?
True
Is 504103 a composite number?
False
Is 2249 a composite number?
True
Is 16547 composite?
False
Is 807539 composite?
False
Is 274705 a prime number?
False
Is 19681 prime?
True
Is 429199 a prime number?
False
Is 655 composite?
True
Is 787 a prime number?
True
Is 44753 prime?
True
Is 2203 a composite number?
False
Is 1637 a prime number?
True
Is 148081 prime?
False
Is 387263 a prime number?
True
Is 185617 a composite number?
True
Is 9253 composite?
True
Is 12827 a prime number?
False
Is 6087 a composite number?
True
Is 44071 composite?
False
Is 3921 a prime number?
False
Is 26539 a prime number?
True
Is 1361 a prime number?
True
Is 356773 composite?
True
Is 11545 composite?
True
Is 2067385 a prime number?
False
Is 1291 a composite number?
False
Is 162271 prime?
False
Is 45226 a composite number?
True
Is 2705 a prime number?
False
Is 152593 a composite number?
True
Is 93 a composite number?
True
Is 48497 a composite number?
False
Is 515327 composite?
True
Is 2371 a prime number?
True
Is 79481 a prime number?
True
Is 46727 a composite number?
False
Is 142867 a prime number?
True
Is 6521 a prime number?
True
Is 11777 a prime number?
True
Is 11549 prime?
True
Is 1442733 composite?
True
Is 25903 a prime number?
True
Is 18803 prime?
True
Is 56417 a prime number?
True
Is 15187 prime?
True
Is 1459967 a composite number?
True
Is 7897 a composite number?
True
Is 540317 prime?
False
Is 22957 composite?
True
Is 166271 a prime number?
False
Is 46919 composite?
False
Is 133649 composite?
False
Is 299261 composite?
False
Is 8639 a composite number?
True
Is 2657485 a prime number?
False
Is 1666909 prime?
True
Is 387643 prime?
False
Is 75931 a composite number?
False
Is 18853 a prime number?
False
Is 635 a prime number?
False
Is 614551 a composite number?
True
Is 5938 composite?
True
Is 97871 composite?
False
Is 7901 a composite number?
False
Is 18169 composite?
False
Is 938921 prime?
True
Is 10981 a composite number?
True
Is 761 a composite number?
False
Is 12955 prime?
False
Is 89699 a composite number?
True
Is 227719 a composite number?
False
Is 669307 prime?
False
Is 13739 a prime number?
False
Is 3997 composite?
True
Is 626033 a prime number?
True
Is 138097 prime?
False
Is 35087 a prime number?
False
Is 875681 a prime number?
True
Is 26813 a composite number?
False
Is 1451795 prime?
False
Is 27191 a composite number?
False
Is 10301 a composite number?
False
Is 577613 a prime number?
True
Is 20617 a composite number?
True
Is 248569 composite?
False
Is 38887 prime?
False
Is 80285 prime?
False
Is 717 prime?
False
Is 3833 composite?
False
Is 7355 a composite number?
True
Is 65815 a composite number?
True
Is 32366 a prime number?
False
Is 18355 a composite number?
True
Is 339421 prime?
False
Is 3341 composite?
True
Is 1527719 composite?
True
Is 130837 composite?
True
Is 503345 composite?
True
Is 8513 composite?
False
Is 2203 prime?
True
Is 151743 a prime number?
False
Is 51587 a prime number?
False
Is 69457 prime?
True
Is 11677 a composite number?
False
Is 16729 a prime number?
True
Is 82067 a prime number?
True
Is 30773 a composite number?
False
Is 1013119 prime?
False
Is 1657 a composite number?
False
Is 3293 a composite number?
True
Is 6995 composite?
True
Is 33207 a composite number?
True
Is 2503 a prime number?
True
Is 65931 composite?
True
Is 532505 a composite number?
True
Is 2103 a prime number?
False
Is 1276195 a prime number?
False
Is 7382 a composite number?
True
Is 19331 a composite number?
True
Is 39397 a composite number?
False
Is 45593 a composite number?
True
Is 73171 composite?
True
Is 46861 composite?
False
Is 25339 a composite number?
False
Is 9707 composite?
True
Is 54709 a composite number?
False
Is 18119 a composite number?
False
Is 61117 a prime number?
False
Is 457 composite?
False
Is 3666262 composite?
True
Is 10473 a composite number?
True
Is 355153 a prime number?
False
Is 60859 a prime number?
True
Is 3517 a composite number?
False
Is 151529 composite?
True
Is 1025561 composite?
False
Is 272149 a composite number?
True
Is 299539 a prime number?
True
Is 230701 a prime number?
False
Is 75171 a prime number?
False
Is 25495 composite?
True
Is 198043 a composite number?
False
Is 5209 prime?
True
Is 297161 composite?
False
Is 11959 a prime number?
True
Is 129581 composite?
False
Is 10699 composite?
True
Is 938183 a prime number?
True
Is 8819 composite?
False
Is 164179 a prime number?
False
Is 9965 composite?
True
Is 421877 composite?
True
Is 16619 a prime number?
True
Is 6242 prime?
False
Is 97437 a composite number?
True
Is 38629 a prime number?
True
Is 3831 composite?
True
Is 117163 a prime number?
True
Is 6458 a prime number?
False
Is 6299 composite?
False
Is 895 prime?
False
Is 284201 prime?
True
Is 135799 a composite number?
False
Is 31957 prime?
True
Is 33889 prime?
True
Is 2371 prime?
True
Is 95 a composite number?
True
Is 132661 a prime number?
True
Is 18219 a prime number?
False
Is 3683 composite?
True
Is 1024151 prime?
True
Is 8849 composite?
False
Is 429449 prime?
True
Is 834829 prime?
True
Is 34823 a prime number?
False
Is 324827 a prime number?
False
Is 1076662 a prime number?
False
Is 84251 prime?
False
Is 544633 a composite number?
True
Is 13385 prime?
False
Is 1943 prime?
False
Is 47577 a prime number?
False
Is 127069 a prime number?
False
Is 15757 composite?
True
Is 80599 prime?
True
Is 3109 a prime number?
True
Is 208577 a composite number?
False
Is 201247 a composite number?
False
Is 1903 composite?
True
Is 91 composite?
True
Is 103079 a prime number?
True
Is 98407 a composite number?
False
Is 66013 composite?
True
Is 16597 composite?
True
Is 142697 a composite number?
False
Is 3641 composite?
True
Is 31202 a prime number?
False
Is 462779 prime?
False
Is 8691 composite?
True
Is 13911 composite?
True
Is 23461 a prime number?
False
Is 2185393 composite?
True
Is 879 prime?
False
Is 161149 composite?
False
Is 578957 a composite number?
False
Is 1182245 prime?
False
Is 272467 composite?
True
Is 69973 prime?
False
Is 2081237 a composite number?
False
Is 51379 a prime number?
False
Is 10267 composite?
False
Is 1051397 composite?
False
Is 1374145 composite?
True
Is 2207017 composite?
False
Is 35863 a prime number?
True
Is 264263 a composite number?
False
Is 1434637 a composite number?
False
Is 11149 a composite number?
False
Is 119959 composite?
True
Is 100907 a composite number?
False
Is 379 a composite number?
False
Is 59333 prime?
True
Is 12473 a composite number?
False
Is 188459 composite?
False
Is 16319 prime?
True
Is 133631 a composite number?
False
Is 1095269 prime?
False
Is 100267 a prime number?
True
Is 444203 prime?
False
Is 339553 composite?
True
Is 164587 a composite number?
False
Is 497077 composite?
True
Is 1711 composite?
True
Is 430553 a prime number?
True
Is 36289 composite?
True
Is 358049 a prime number?
False
Is 299933 a prime number?
True
Is 12554 a composite number?
True
Is 139789 a composite number?
True
Is 63047 a composite number?
True
Is 17827 a prime number?
True
Is 1017321 composite?
True
Is 116411 a prime number?
True
Is 16537 a composite number?
True
Is 43711 a prime number?
True
Is 10841 a prime number?
False
Is 503501 a prime number?
True
Is 88073 prime?
False
Is 1889 prime?
True
Is 26669 composite?
False
Is 5305 a composite number?
True
Is 481067 a prime number?
True
Is 267259 a prime number?
True
Is 8261 a composite number?
True
Is 116461 a prime number?
True
Is 377857 a prime number?
False
Is 8803 prime?
True
Is 26149 composite?
True
Is 1477 a prime number?
False
Is 4133 comp